 factors of 219651466?
2, 89, 1093, 1129
What are the prime factors of 561849734?
2, 16349, 17183
What are the prime factors of 93703198?
2, 61, 768059
What are the prime factors of 12897335?
5, 11, 421, 557
What are the prime factors of 206248501?
206248501
What are the prime factors of 2109454897?
11, 137, 223, 6277
List the prime factors of 3377194977.
3, 13, 86594743
List the prime factors of 43270813.
29, 1492097
List the prime factors of 71017945.
5, 41, 346429
What are the prime factors of 86367898?
2, 23, 157, 11959
What are the prime factors of 704425992?
2, 3, 29351083
List the prime factors of 52469703.
3, 11, 13, 59, 691
What are the prime factors of 950376428?
2, 19, 12504953
What are the prime factors of 46366775?
5, 7, 13, 89, 229
List the prime factors of 44633836.
2, 13, 733, 1171
List the prime factors of 2273944089.
3, 17, 857, 52027
What are the prime factors of 241409834?
2, 31, 3893707
List the prime factors of 318667866.
2, 3, 11, 821, 5881
List the prime factors of 15838680.
2, 3, 5, 11, 13, 71
List the prime factors of 1965053312.
2, 3203, 4793
List the prime factors of 363512513.
7, 13, 17, 234979
What are the prime factors of 62612064?
2, 3, 31, 7013
List the prime factors of 74024535.
3, 5, 13, 29201
What are the prime factors of 23101769?
47, 491527
What are the prime factors of 341499875?
5, 31, 88129
What are the prime factors of 15915519?
3, 17, 29, 211
What are the prime factors of 2730610?
2, 5, 273061
What are the prime factors of 361900081?
361900081
List the prime factors of 133493721.
3, 44497907
List the prime factors of 1031963157.
3, 101, 251, 4523
List the prime factors of 499291853.
17, 53, 107, 5179
List the prime factors of 36908031.
3, 23, 157, 3407
What are the prime factors of 1027097224?
2, 128387153
List the prime factors of 1086373396.
2, 271593349
List the prime factors of 7688194220.
2, 5, 7, 54915673
List the prime factors of 3943413031.
59, 3823, 17483
List the prime factors of 632616965.
5, 10687, 11839
What are the prime factors of 150617222?
2, 7, 10758373
List the prime factors of 3180774100.
2, 5, 7, 4543963
List the prime factors of 186465964.
2, 46616491
What are the prime factors of 4152319724?
2, 7, 148297133
What are the prime factors of 32238817?
13, 17, 8581
What are the prime factors of 3449202855?
3, 5, 7, 670399
List the prime factors of 40443742.
2, 19, 83, 12823
List the prime factors of 430470913.
37, 67, 173647
List the prime factors of 74712366.
2, 3, 677, 6131
List the prime factors of 3443145145.
5, 11, 5691149
What are the prime factors of 49755398?
2, 7, 11, 323087
List the prime factors of 20292729.
3, 313, 21611
What are the prime factors of 105866569?
4397, 24077
What are the prime factors of 4422484759?
7, 11, 73, 112397
What are the prime factors of 5304142106?
2, 19, 43, 3246109
List the prime factors of 195808487.
7, 439, 63719
What are the prime factors of 19059747?
3, 7, 617, 1471
List the prime factors of 951946437.
3, 13, 24408883
List the prime factors of 4885496983.
37, 41, 3220499
What are the prime factors of 500977946?
2, 7, 35784139
What are the prime factors of 7090642676?
2, 13, 17, 23, 277, 1259
List the prime factors of 237720994.
2, 7, 479, 35449
What are the prime factors of 359277663?
3, 4517, 26513
What are the prime factors of 4732656593?
7, 676093799
What are the prime factors of 3182690979?
3, 13, 509, 4111
List the prime factors of 117691265.
5, 37, 61, 10429
What are the prime factors of 1753102135?
5, 17, 353, 58427
List the prime factors of 162469143.
3, 18052127
List the prime factors of 253116993.
3, 19, 337, 13177
List the prime factors of 252812736.
2, 3, 11, 39901
List the prime factors of 7773308978.
2, 3886654489
List the prime factors of 81994201.
223, 367687
List the prime factors of 1172435167.
8191, 143137
List the prime factors of 1105341894.
2, 3, 311, 197453
What are the prime factors of 483235810?
2, 5, 48323581
What are the prime factors of 3119018586?
2, 3, 73, 167, 42641
List the prime factors of 31329629.
73, 467, 919
What are the prime factors of 618366871?
618366871
List the prime factors of 108457395.
3, 5, 43, 168151
What are the prime factors of 659249984?
2, 67, 153743
List the prime factors of 372267431.
881, 422551
What are the prime factors of 50756202?
2, 3, 7, 331, 1217
What are the prime factors of 1268612033?
13, 97585541
What are the prime factors of 1105689149?
601, 1069, 1721
List the prime factors of 641941107.
3, 163, 647, 2029
What are the prime factors of 1005485158?
2, 23, 29, 753737
List the prime factors of 797051439.
3, 41, 2160031
List the prime factors of 3457018743.
3, 37, 31144313
List the prime factors of 19372450.
2, 5, 387449
List the prime factors of 277522865.
5, 55504573
What are the prime factors of 217184649?
3, 11, 19, 97, 3571
What are the prime factors of 3723907092?
2, 3, 23, 2801, 4817
What are the prime factors of 148796620?
2, 5, 7, 239, 4447
List the prime factors of 28274731.
577, 49003
List the prime factors of 187316410.
2, 5, 18731641
What are the prime factors of 530601218?
2, 7, 113, 149, 2251
What are the prime factors of 41113360?
2, 5, 513917
What are the prime factors of 2575766651?
14593, 176507
List the prime factors of 1352099197.
1352099197
List the prime factors of 3811198.
2, 1905599
What are the prime factors of 907257342?
2, 3, 151209557
What are the prime factors of 281087822?
2, 557, 252323
What are the prime factors of 8177953250?
2, 5, 1889, 17317
List the prime factors of 8287468868.
2, 7, 19, 15577949
List the prime factors of 10133027.
41, 101, 2447
What are the prime factors of 9678211?
79, 122509
List the prime factors of 138201352.
2, 283, 61043
List the prime factors of 3434416176.
2, 3, 29, 2467253
List the prime factors of 351267544.
2, 5849, 7507
List the prime factors of 804393319.
277, 2903947
List the prime factors of 17666163.
3, 43, 191, 239
List the prime factors of 609784367.
1327, 459521
What are the prime factors of 60493109?
60493109
List the prime factors of 128748386.
2, 13, 4951861
What are the prime factors of 12162030?
2, 3, 5, 405401
What are the prime factors of 2108660136?
2, 3, 11, 181, 44129
What are the prime factors of 5528384?
2, 86381
List the prime factors of 83187581.
37, 53, 59, 719
List the prime factors of 61444281.
3, 41, 109, 4583
List the prime factors of 200261725.
5, 1487, 5387
List the prime factors of 295440321.
3, 11, 883, 10139
What are the prime factors of 113400699?
3, 37800233
List the prime factors of 3283813396.
2, 19, 2274109
List the prime factors of 5771102.
2, 2885551
List the prime factors of 594909362.
2, 47, 523, 12101
List the prime factors of 184400965.
5, 7, 443, 1699
List the prime factors of 157413168.
2, 3, 11, 99377
What are the prime factors of 308559943?
19, 1583, 10259
List the prime factors of 38606559.
3, 167, 263, 293
List the prime factors of 8957667.
3, 31, 61, 1579
What are the prime factors of 244360780?
2, 5, 991, 12329
List the prime factors of 2562580360.
2, 5, 29, 41, 53881
List the prime factors of 10687213.
1277, 8369
List the prime factors of 1907772418.
2, 53, 17997853
What are the prime factors of 814101216?
2, 3, 8480221
List the prime factors of 199744411.
5077, 39343
What are the prime factors of 1638844841?
4463, 367207
List the prime factors of 109979349.
3, 541, 67763
What are the prime factors of 1919423738?
2, 19, 23, 2196137
List the prime factors of 64215259.
64215259
What are the prime factors of 1438856780?
2, 5, 71942839
What are the prime factors of 323195505?
3, 5, 21546367
List the prime factors of 1646580540.
2, 3, 5, 11, 2494819
List the prime factors of 5260037429.
29, 4703, 38567
List the prime factors of 92248235.
5, 131, 140837
What are the prime factors of 106995565?
5, 241, 88793
What are the prime factors of 316296461?
13, 37, 657581
What are the prime factors of 427894463?
257, 1664959
List the prime factors of 2944671488.
2, 11, 95063
What are the prime factors of 1268173682?
2, 634086841
What are the prime factors of 25786546?
2, 12893273
What are the prime factors of 973204732?
2, 243301183
What are the prime factors of 2631440889?
3, 7, 11, 29, 127, 1031
What are the prime factors of 27938212?
2, 1223, 5711
What are the prime factor